{"id":45,"date":"2021-09-02T12:49:44","date_gmt":"2021-09-02T10:49:44","guid":{"rendered":"https:\/\/www.valeriabaglio.it\/?page_id=45"},"modified":"2021-09-02T13:34:26","modified_gmt":"2021-09-02T11:34:26","slug":"perche-mi-candido","status":"publish","type":"page","link":"https:\/\/www.valeriabaglio.it\/index.php\/perche-mi-candido\/","title":{"rendered":"#soloRoma"},"content":{"rendered":"\n<p>In questi ultimi anni, portando avanti un\u2019opposizione ferma ma costruttiva, ho avuto modo di confrontarmi con tante cittadine e cittadini che, come me, non riuscivano pi\u00f9 a sopportare le carenze nei servizi pubblici e l\u2019immobilismo senza visione che hanno impedito alla citt\u00e0 di crescere, economicamente e socialmente.<br>Nel mio impegno politico e sociale, sono stata nominata Responsabile Sanit\u00e0 e Welfare del PD Lazio. In un periodo come quello che stiamo vivendo, la sanit\u00e0 territoriale e di prossimit\u00e0 \u00e8 imprescindibile . Sono orgogliosa che la nostra Regione sia stata un\u2019eccellenza nella lotta alla pandemia, e voglio che Roma faccia la sua parte per tutelare il diritto alla salute di tutti i cittadini.<br>Tornare in classe in tutta sicurezza \u00e8 stato un punto fermo della mia azione come Presidente della Commissione Scuola della Citt\u00e0 Metropolitana. Ho cercato di ascoltare costantemente genitori, educatori, insegnanti e studenti, troppo spesso dimenticati. Voglio continuare ad impegnarmi in prima persona perch\u00e9 la scuola torni ad essere un servizio pubblico che garantisca uguaglianza e crescita.<br>Gli Anni Venti del Duemila saranno un\u2019occasione storica per Roma. Abbiamo davanti opportunit\u00e0 incredibili: i fondi del PNRR, il Giubileo del 2025 e l&#8217;Expo 2030 che faremo di tutto perch\u00e9 venga assegnata a Roma. Possiamo cambiare il volto di questa Citt\u00e0: serviranno, per\u00f2, una nuova visione politica, esperienza, competenze, senso di responsabilit\u00e0. Solo cos\u00ec potremo affrontare tutti i grandi nodi irrisolti di Roma, dall\u2019emergenza rifiuti al verde pubblico, dalle infrastrutture ai trasporti.<br>Per questo ho messo a disposizione del Partito Democratico e di Roberto Gualtieri non solo tutto quello che ho imparato in questi anni nelle Istituzioni, ma anche la passione e l\u2019energia con cui ho portato avanti le battaglie insieme a tante cittadine e cittadini, associazioni, comitati, lavoratrici e lavoratori.<br>Voglio che le mie figlie, i nostri ragazzi, crescano in una citt\u00e0 diversa, pi\u00f9 umana, pi\u00f9 bella.<\/p>\n","protected":false},"excerpt":{"rendered":"<p>In questi ultimi anni, portando avanti un\u2019opposizione ferma ma costruttiva, ho avuto modo di confrontarmi con tante cittadine e cittadini che, come me, non riuscivano &hellip;<\/p>\n","protected":false},"author":2,"featured_media":0,"parent":0,"menu_order":0,"comment_status":"closed","ping_status":"closed","template":"","meta":{"saved_in_kubio":false,"footnotes":""},"class_list":["post-45","page","type-page","status-publish","hentry"],"kubio_ai_page_context":{"short_desc":"","purpose":"general"},"_links":{"self":[{"href":"https:\/\/www.valeriabaglio.it\/index.php\/wp-json\/wp\/v2\/pages\/45","targetHints":{"allow":["GET"]}}],"collection":[{"href":"https:\/\/www.valeriabaglio.it\/index.php\/wp-json\/wp\/v2\/pages"}],"about":[{"href":"https:\/\/www.valeriabaglio.it\/index.php\/wp-json\/wp\/v2\/types\/page"}],"author":[{"embeddable":true,"href":"https:\/\/www.valeriabaglio.it\/index.php\/wp-json\/wp\/v2\/users\/2"}],"replies":[{"embeddable":true,"href":"https:\/\/www.valeriabaglio.it\/index.php\/wp-json\/wp\/v2\/comments?post=45"}],"version-history":[{"count":2,"href":"https:\/\/www.valeriabaglio.it\/index.php\/wp-json\/wp\/v2\/pages\/45\/revisions"}],"predecessor-version":[{"id":59,"href":"https:\/\/www.valeriabaglio.it\/index.php\/wp-json\/wp\/v2\/pages\/45\/revisions\/59"}],"wp:attachment":[{"href":"https:\/\/www.valeriabaglio.it\/index.php\/wp-json\/wp\/v2\/media?parent=45"}],"curies":[{"name":"wp","href":"https:\/\/api.w.org\/{rel}","templated":true}]}}